= -22 + t. Suppose -3*o + 81 = 3*y, -3*y + 7*y = -2*o + 60. What is the highest common factor of o and d?
24
Let c(v) = v**3 - 10*v**2 + 17*v + 1. Let f be c(8). Calculate the highest common divisor of 234 and f.
9
Let a = -5 + 8. Let r be (8/a)/(2/75). Calculate the greatest common divisor of r and 40.
20
Let r(j) = j + 3. Let z be (-27 + 3 + -6)/1. Let s be (0 + 2)/((-20)/z). Let o be r(s). What is the highest common factor of o and 4?
2
Let k = -17493 - -17505. Let y be 24/(-9)*(-35 + -1). What is the highest common factor of y and k?
12
Let n be (4/2)/2 - -18. Let r(w) = -w**3 + 16*w**2 + 2*w - 13. Let d be r(16). Calculate the greatest common factor of n and d.
19
Suppose 31 = t + 3. Let a = -26 + t. Suppose 66 = a*z - 84. Calculate the greatest common factor of 30 and z.
15
Let i be 1*(0 - -1) - -59. Suppose x + i = -2*x. Let g = -12 - x. Calculate the highest common factor of 56 and g.
8
Suppose 56*f = 75 + 37. Let s = 23 + 3. What is the highest common factor of f and s?
2
Suppose 0 = -6*y + 752 - 6824. Let v be y/(-24) - 2/12. What is the greatest common divisor of 21 and v?
21
Let m = -6 - -11. Suppose 5*f + m = 0, -b + 2*b - 5*f - 17 = 0. Calculate the highest common factor of 30 and b.
6
Let z = 236 - 186. Calculate the highest common divisor of z and 30.
10
Let f(z) = 45*z + 1. Let n be f(3). Let s = -45 + n. Let y(i) = 3*i - 26. Let u be y(13). What is the greatest common factor of s and u?
13
Suppose 0 = 4*n - n - 6. Suppose 300 = 3*h + n*h. Suppose 4*i = 6*i - h. What is the greatest common factor of 20 and i?
10
Let d be (-20)/(-210) + 876/63. Calculate the highest common divisor of 77 and d.
7
Let g(c) = 48*c**2 - 2*c. Let i be g(2). Let r be -36*(5/(-10) + 0). Let n = i - r. Calculate the greatest common factor of n and 68.
34
Suppose 4*o = -o + 45. What is the highest common divisor of o and 1?
1
Let c(j) = -j**3 - 6*j**2 - 6*j - 12. Let a be c(-6). Calculate the highest common factor of 54 and a.
6
Suppose 0 = -4*p - r + 267, 2*p - r - r = 146. Calculate the greatest common factor of p and 170.
34
Let b be ((-6)/(-3))/((-1)/(-90)). Suppose -b = -5*u + 2*u. Let z = -29 - -69. What is the greatest common divisor of u and z?
20
Let f be ((-24)/(-5))/(66/3520). What is the highest common factor of 32 and f?
32
Let z = 510 - 356. Let k = 25 + -3. What is the highest common divisor of z and k?
22
Let t = -28 - -34. Let w be (4 - 11)*t/(-21). Calculate the highest common factor of w and 8.
2
Let g = -3262 - -3319. Suppose l - 12 - 26 = 0. What is the highest common factor of l and g?
19
Suppose -z + y + 58 = 2*z, 2*z + 4*y = 48. Suppose 2*o - 20 - 8 = -h, -5*o = -z. Calculate the highest common factor of 5 and h.
5
Suppose 21*o - 89*o = -1632. Calculate the greatest common divisor of o and 9.
3
Let f = -320 - -344. Calculate the highest common divisor of f and 372.
12
Suppose 4*y = -7*v + 5*v + 8, 5*v - 3*y - 7 = 0. Suppose 3*h - 120 = -v*h. What is the greatest common factor of 48 and h?
24
Let c = 44803 - 3663. Let t be c/198 - (-4)/18. Calculate the highest common factor of t and 26.
26
Suppose 5*i = -32*i + 3145. What is the greatest common factor of i and 17?
17
Suppose -299 = -6*g + 607. Suppose -200 = -4*l + 5*p, g = 6*l - 3*l - 4*p. What is the greatest common factor of 135 and l?
45
Suppose 9*m = 4*m + 15. Suppose -m*r = -2*r. Suppose 2*h - 2 = -r. Calculate the greatest common divisor of h and 1.
1
Suppose 960*u = 964*u - 64. Calculate the greatest common divisor of u and 744.
8
Suppose -3*c + 13 = 3*b - 2*b, 0 = -3*c + 4*b + 23. Suppose c*u - 3 + 4 = -4*k, 3*u = -3. Calculate the highest common divisor of 3 and k.
1
Let y be -4*(3 - 17/4). Suppose 89 = y*x - 4*w, -3*w = -4*x + 2*w + 64. Calculate the greatest common divisor of 21 and x.
21
Let q = -8 + 21. Suppose -137 = -5*z + q. Calculate the greatest common factor of 12 and z.
6
Let l(k) = -k**3 - 2*k**2 + 2*k - 2. Let q be l(-3). Suppose -a + 14 = 13. Calculate the greatest common divisor of q and a.
1
Let f be 6*208/6 + 0. What is the highest common divisor of 176 and f?
16
Let h = -40 + 49. Let d be (-66)/h*6/(-4). Calculate the greatest common factor of d and 99.
11
Let d be 110/2 - -9 - 24/(-6). Calculate the highest common divisor of d and 1462.
34
Suppose 174 = 2*f - 222. What is the highest common divisor of 11 and f?
11
Suppose 22 = 5*p + 2. Suppose 3*n - d = -0*d + 13, -4 = -2*n - p*d. What is the greatest common factor of 20 and n?
4
Let s(n) = -n**2 + 7*n - 6. Let d be s(5). Suppose 0*j + 308 = d*j. Suppose -z + j = 4*o, 4*z + z = -5*o + 400. What is the greatest common factor of z and 27?
27
Let x = -156 - -260. What is the highest common factor of 13 and x?
13
Let s = 380 - 374. Suppose -5 = -4*w - 17. Let x be s + -8 - (w - 1). What is the highest common divisor of x and 12?
2
Let c(b) be the second derivative of b**5/20 - b**3/2 + 3*b**2/2 - 2*b. Let p be c(2). What is the highest common divisor of 40 and p?
5
Let z be 3/(-6)*-3*280. What is the highest common divisor of z and 240?
60
Suppose m - 18 - 10 = 0. Let f = -940 - -1136. What is the greatest common factor of m and f?
28
Let c = -18 + 5. Let r be (-1 + 4)*c/(-3). What is the greatest common divisor of 65 and r?
13
Let k = -12 - -15. Suppose 0*q = -k*q + 12. Let v be (-3*q)/(-1 - 1). What is the greatest common divisor of v and 30?
6
Let i(f) = 115*f**2 + 1. Suppose -19 + 22 = 3*k. Let d be i(k). Let u = 14 + 15. Calculate the greatest common factor of d and u.
29
Suppose -153*s + 148*s + 30 = 0. Calculate the highest common factor of 24 and s.
6
Suppose -602 = -14*n + 1638. Calculate the highest common divisor of n and 25.
5
Let i(r) = 5*r - 13. Let k = -30 + 42. Suppose -k + 0 = -4*c + 3*y, 2*c = 3*y. Let w be i(c). Calculate the highest common divisor of w and 51.
17
Let v(d) = -75*d - 42. Let p be v(-5). What is the highest common divisor of 37 and p?
37
Let k(a) = -9*a - 7. Let b be k(-1). Suppose -3*z - 10 = -w + b, 5*w + 3*z - 96 = 0. Calculate the highest common divisor of 198 and w.
18
Suppose -184 = -2*a + 5*w, 6*w = 11*w + 10. Let m = a - 66. Let b(j) = 46*j + 5. Let z be b(4). Calculate the highest common factor of m and z.
21
Suppose -253 - 1122 = -11*w. What is the highest common factor of w and 50?
25
Let u(b) = -2*b**2 + 43*b - 20. Let n be u(21). What is the greatest common factor of 101 and n?
1
Suppose -26 = -3*v - g, 5*g + 2 = -3. Suppose 17*t - 12*t + 10 = 0. Let q be t/((-1)/(54/4)). Calculate the greatest common divisor of q and v.
9
Suppose -s + 4*h = -17, -7*s = -2*s - 2*h - 31. Calculate the highest common factor of s and 515.
5
Let c be (-3)/9 + 6140/6. Calculate the highest common divisor of 33 and c.
33
Let v = -50 - -34. Suppose 2*b = 6*b - 128. Let u = b + v. Calculate the highest common factor of u and 2.
2
Let m be (-510)/(-25) + 11/((-385)/14). Calculate the highest common divisor of m and 200.
20
Suppose -391 = -4*l - 5*b + 426, 0 = -5*l + 5*b + 965. What is the greatest common factor of 72 and l?
18
Let r be 353*1 - (3 + -1). Suppose 34 = 5*l - r. Suppose -142*x = -54*x - 616. Calculate the greatest common divisor of l and x.
7
Let g be (-3554)/(-9) + 62/558. Calculate the highest common divisor of 5 and g.
5
Suppose 3*y + k = 266, -22*y + 5*k = -26*y + 340. What is the greatest common factor of y and 90?
90
Let q(x) = x**3 - 20*x**2 - 9*x + 63. Let o be q(21). Calculate the greatest common factor of 45 and o.
45
Suppose 185*y = 70*y + 50600. What is the greatest common factor of 968 and y?
88
Let v(a) = 2*a + 16. Let k be v(-9). Let q be 3/k - 45/(-6). Suppose -94 + q = -c. Calculate the highest common divisor of c and 8.
8
Let o = -71 - -37. Let n = o - -41. Calculate the greatest common divisor of 63 and n.
7
Let d(a) = 2*a**2 - 73*a - 99. Let u be d(43). What is the highest common factor of 140 and u?
20
Suppose -9*p + 17*p = 80. Calculate the highest common divisor of p and 110.
10
Suppose -9*r = -1925 + 242. Calculate the greatest common divisor of r and 33.
11
Let r = 504 - 471. What is the greatest common divisor of 231 and r?
33
Let z = 72 + 18. Suppose 2*q = -3*m + 76, -5*q = -4*m - 2*q + z. Calculate the highest common factor of m and 8.
8
Let t(c) = 13*c**2 + 17*c - 42. Let a be t(3). Calculate the greatest common factor of 210 and a.
42
Le